{"id":355,"date":"2024-08-19T11:48:48","date_gmt":"2024-08-19T11:48:48","guid":{"rendered":"https:\/\/eurotekmakine.com.tr\/?page_id=355"},"modified":"2024-09-22T16:04:26","modified_gmt":"2024-09-22T16:04:26","slug":"tunelekipmanlari","status":"publish","type":"page","link":"https:\/\/eurotekmakine.com.tr\/?page_id=355&lang=tr","title":{"rendered":"T\u00fcnel Ekipmanlar\u0131"},"content":{"rendered":"\t\t<div data-elementor-type=\"wp-page\" data-elementor-id=\"355\" class=\"elementor elementor-355\">\n\t\t\t\t<div class=\"elementor-element elementor-element-e1680bd e-flex e-con-boxed elementor-invisible e-con e-parent\" data-id=\"e1680bd\" data-element_type=\"container\" data-settings=\"{&quot;animation&quot;:&quot;fadeInUp&quot;,&quot;animation_delay&quot;:100}\">\n\t\t\t\t\t<div class=\"e-con-inner\">\n\t\t<div class=\"elementor-element elementor-element-feb50f8 e-con-full e-flex e-con e-child\" data-id=\"feb50f8\" data-element_type=\"container\">\n\t\t\t\t<div class=\"elementor-element elementor-element-8261a35 elementor-widget elementor-widget-heading\" data-id=\"8261a35\" data-element_type=\"widget\" data-widget_type=\"heading.default\">\n\t\t\t\t<div class=\"elementor-widget-container\">\n\t\t\t<h2 class=\"elementor-heading-title elementor-size-default\">SPLIT SET\/ KAYA BULON<\/h2>\t\t<\/div>\n\t\t\t\t<\/div>\n\t\t\t\t<div class=\"elementor-element elementor-element-b9f3658 elementor-widget elementor-widget-text-editor\" data-id=\"b9f3658\" data-element_type=\"widget\" data-widget_type=\"text-editor.default\">\n\t\t\t\t<div class=\"elementor-widget-container\">\n\t\t\t\t\t\t\t<p>Y\u00fcksek mukavemetli \u00e7elik boru ile kubbeli bir plakadan olu\u015fur. \u00c7elik boru, uzunlu\u011fu boyunca yar\u0131kl\u0131d\u0131r. Bir ucu bir matkap deli\u011fine kolayca yerle\u015ftirilmek \u00fczere koniktir ve di\u011feri yatak plakas\u0131n\u0131 tutmak i\u00e7in kaynakl\u0131 bir halka flan\u015f\u0131na sahiptir.<\/p>\t\t\t\t\t\t<\/div>\n\t\t\t\t<\/div>\n\t\t\t\t<\/div>\n\t\t<div class=\"elementor-element elementor-element-65fddef e-con-full e-flex e-con e-child\" data-id=\"65fddef\" data-element_type=\"container\">\n\t\t\t\t<div class=\"elementor-element elementor-element-4e326d2 elementor-widget elementor-widget-image\" data-id=\"4e326d2\" data-element_type=\"widget\" data-widget_type=\"image.default\">\n\t\t\t\t<div class=\"elementor-widget-container\">\n\t\t\t\t\t\t\t\t\t\t\t\t\t<img fetchpriority=\"high\" decoding=\"async\" width=\"768\" height=\"220\" src=\"https:\/\/eurotekmakine.com.tr\/wp-content\/uploads\/2024\/08\/Split-Set-768x220.png\" class=\"attachment-medium_large size-medium_large wp-image-358\" alt=\"\" srcset=\"https:\/\/eurotekmakine.com.tr\/wp-content\/uploads\/2024\/08\/Split-Set-768x220.png 768w, https:\/\/eurotekmakine.com.tr\/wp-content\/uploads\/2024\/08\/Split-Set-300x86.png 300w, https:\/\/eurotekmakine.com.tr\/wp-content\/uploads\/2024\/08\/Split-Set.png 800w\" sizes=\"(max-width: 768px) 100vw, 768px\" \/>\t\t\t\t\t\t\t\t\t\t\t\t\t<\/div>\n\t\t\t\t<\/div>\n\t\t\t\t<\/div>\n\t\t\t\t\t<\/div>\n\t\t\t\t<\/div>\n\t\t<div class=\"elementor-element elementor-element-565a1ea e-flex e-con-boxed elementor-invisible e-con e-parent\" data-id=\"565a1ea\" data-element_type=\"container\" data-settings=\"{&quot;animation&quot;:&quot;fadeInUp&quot;,&quot;animation_delay&quot;:200}\">\n\t\t\t\t\t<div class=\"e-con-inner\">\n\t\t<div class=\"elementor-element elementor-element-dfc8b72 e-con-full e-flex e-con e-child\" data-id=\"dfc8b72\" data-element_type=\"container\">\n\t\t\t\t<div class=\"elementor-element elementor-element-afce1c4 elementor-widget elementor-widget-heading\" data-id=\"afce1c4\" data-element_type=\"widget\" data-widget_type=\"heading.default\">\n\t\t\t\t<div class=\"elementor-widget-container\">\n\t\t\t<h2 class=\"elementor-heading-title elementor-size-default\">\u0130BO BULON<\/h2>\t\t<\/div>\n\t\t\t\t<\/div>\n\t\t\t\t<div class=\"elementor-element elementor-element-943d71c elementor-widget elementor-widget-text-editor\" data-id=\"943d71c\" data-element_type=\"widget\" data-widget_type=\"text-editor.default\">\n\t\t\t\t<div class=\"elementor-widget-container\">\n\t\t\t\t\t\t\t<p>\u00a0Kendinden delen bulon sistemi i\u00e7i bo\u015f, d\u0131\u015f k\u0131sm\u0131 yivli bulon ile delme i\u015flemini yapan bitten olu\u015fur. Ankraj ve enjeksiyon i\u015flemi tek operasyonla yap\u0131l\u0131r. \u0130\u00e7i bo\u015f bulon delme i\u015flemi s\u0131ras\u0131nda hava ve suyun serbest\u00e7e ge\u00e7erek k\u0131r\u0131nt\u0131lar\u0131n at\u0131lmas\u0131n\u0131 ve delme i\u015flemi tamamlan\u0131nca da enjeksiyonun hemen yap\u0131lmas\u0131n\u0131 sa\u011flar.\u00a0<\/p>\t\t\t\t\t\t<\/div>\n\t\t\t\t<\/div>\n\t\t\t\t<\/div>\n\t\t<div class=\"elementor-element elementor-element-d84fdbc e-con-full e-flex e-con e-child\" data-id=\"d84fdbc\" data-element_type=\"container\">\n\t\t\t\t<div class=\"elementor-element elementor-element-74867e7 elementor-widget elementor-widget-image\" data-id=\"74867e7\" data-element_type=\"widget\" data-widget_type=\"image.default\">\n\t\t\t\t<div class=\"elementor-widget-container\">\n\t\t\t\t\t\t\t\t\t\t\t\t\t<img decoding=\"async\" width=\"643\" height=\"445\" src=\"https:\/\/eurotekmakine.com.tr\/wp-content\/uploads\/2024\/08\/barre-autoperforanti-italswiss6.jpg\" class=\"attachment-medium_large size-medium_large wp-image-360\" alt=\"\" srcset=\"https:\/\/eurotekmakine.com.tr\/wp-content\/uploads\/2024\/08\/barre-autoperforanti-italswiss6.jpg 643w, https:\/\/eurotekmakine.com.tr\/wp-content\/uploads\/2024\/08\/barre-autoperforanti-italswiss6-300x208.jpg 300w\" sizes=\"(max-width: 643px) 100vw, 643px\" \/>\t\t\t\t\t\t\t\t\t\t\t\t\t<\/div>\n\t\t\t\t<\/div>\n\t\t\t\t<\/div>\n\t\t\t\t\t<\/div>\n\t\t\t\t<\/div>\n\t\t\t\t<\/div>\n\t\t","protected":false},"excerpt":{"rendered":"<p>SPLIT SET\/ KAYA BULON Y\u00fcksek mukavemetli \u00e7elik boru ile kubbeli bir plakadan olu\u015fur. \u00c7elik boru, uzunlu\u011fu boyunca yar\u0131kl\u0131d\u0131r. Bir ucu bir matkap deli\u011fine kolayca yerle\u015ftirilmek \u00fczere koniktir ve di\u011feri yatak plakas\u0131n\u0131 tutmak i\u00e7in kaynakl\u0131 bir halka flan\u015f\u0131na sahiptir. \u0130BO BULON \u00a0Kendinden delen bulon sistemi i\u00e7i bo\u015f, d\u0131\u015f k\u0131sm\u0131 yivli bulon ile delme i\u015flemini yapan bitten [&hellip;]<\/p>\n","protected":false},"author":1,"featured_media":0,"parent":0,"menu_order":0,"comment_status":"closed","ping_status":"closed","template":"","meta":{"footnotes":""},"blocksy_meta":[],"_links":{"self":[{"href":"https:\/\/eurotekmakine.com.tr\/index.php?rest_route=\/wp\/v2\/pages\/355"}],"collection":[{"href":"https:\/\/eurotekmakine.com.tr\/index.php?rest_route=\/wp\/v2\/pages"}],"about":[{"href":"https:\/\/eurotekmakine.com.tr\/index.php?rest_route=\/wp\/v2\/types\/page"}],"author":[{"embeddable":true,"href":"https:\/\/eurotekmakine.com.tr\/index.php?rest_route=\/wp\/v2\/users\/1"}],"replies":[{"embeddable":true,"href":"https:\/\/eurotekmakine.com.tr\/index.php?rest_route=%2Fwp%2Fv2%2Fcomments&post=355"}],"version-history":[{"count":7,"href":"https:\/\/eurotekmakine.com.tr\/index.php?rest_route=\/wp\/v2\/pages\/355\/revisions"}],"predecessor-version":[{"id":374,"href":"https:\/\/eurotekmakine.com.tr\/index.php?rest_route=\/wp\/v2\/pages\/355\/revisions\/374"}],"wp:attachment":[{"href":"https:\/\/eurotekmakine.com.tr\/index.php?rest_route=%2Fwp%2Fv2%2Fmedia&parent=355"}],"curies":[{"name":"wp","href":"https:\/\/api.w.org\/{rel}","templated":true}]}}