{"id":334,"date":"2024-08-19T10:44:05","date_gmt":"2024-08-19T10:44:05","guid":{"rendered":"https:\/\/eurotekmakine.com.tr\/?page_id=334"},"modified":"2024-09-22T16:54:30","modified_gmt":"2024-09-22T16:54:30","slug":"kayadeliciekipmanlar","status":"publish","type":"page","link":"https:\/\/eurotekmakine.com.tr\/?page_id=334&lang=tr","title":{"rendered":"Kaya Delici Ekipmanlar"},"content":{"rendered":"\t\t<div data-elementor-type=\"wp-page\" data-elementor-id=\"334\" class=\"elementor elementor-334\">\n\t\t\t\t<div class=\"elementor-element elementor-element-e1680bd e-flex e-con-boxed elementor-invisible e-con e-parent\" data-id=\"e1680bd\" data-element_type=\"container\" data-settings=\"{&quot;animation&quot;:&quot;fadeInUp&quot;,&quot;animation_delay&quot;:100}\">\n\t\t\t\t\t<div class=\"e-con-inner\">\n\t\t<div class=\"elementor-element elementor-element-feb50f8 e-con-full e-flex e-con e-child\" data-id=\"feb50f8\" data-element_type=\"container\">\n\t\t\t\t<div class=\"elementor-element elementor-element-8261a35 elementor-widget elementor-widget-heading\" data-id=\"8261a35\" data-element_type=\"widget\" data-widget_type=\"heading.default\">\n\t\t\t\t<div class=\"elementor-widget-container\">\n\t\t\t<h2 class=\"elementor-heading-title elementor-size-default\">\u00dcSTTEN  DARBEL\u0130 \nDEL\u0130C\u0130 EK\u0130PMANLAR<\/h2>\t\t<\/div>\n\t\t\t\t<\/div>\n\t\t\t\t<div class=\"elementor-element elementor-element-b9f3658 elementor-widget elementor-widget-text-editor\" data-id=\"b9f3658\" data-element_type=\"widget\" data-widget_type=\"text-editor.default\">\n\t\t\t\t<div class=\"elementor-widget-container\">\n\t\t\t\t\t\t\t<p>\u00dcstten darbeli sistemde , makinenin \u00fczerinde bulunan tabanca , \u00fcretti\u011fi enerjiyi borular (tijler) sayesinde delik dibindeki bitlere ileterek kayan\u0131n k\u0131r\u0131lmas\u0131n\u0131 sa\u011flar. Gereken enerji hidrolik tabancalar taraf\u0131ndan \u00fcretilir. \u00dcretilen bas\u0131n\u00e7 kuvveti sayesinde piston itilerek \u015fank adapt\u00f6r\u00fcne vurulmas\u0131 sa\u011flan\u0131r .<\/p><p>\u00dcstten darbeli deliciler olu\u015fan formasyonlara g\u00f6re yumu\u015fak kaya\u00e7lardan sert kaya\u00e7lara kadar \u00e7e\u015fitlendirilmektedir. Delik \u00e7a\u011flar\u0131na g\u00f6re de \u00e7al\u0131\u015fma \u015fekli ve b\u00fcy\u00fckl\u00fckleri de\u011fi\u015fiklik g\u00f6stermektedir.<\/p>\t\t\t\t\t\t<\/div>\n\t\t\t\t<\/div>\n\t\t\t\t<\/div>\n\t\t<div class=\"elementor-element elementor-element-65fddef e-con-full e-flex e-con e-child\" data-id=\"65fddef\" data-element_type=\"container\">\n\t\t\t\t<div class=\"elementor-element elementor-element-4e326d2 elementor-widget elementor-widget-image\" data-id=\"4e326d2\" data-element_type=\"widget\" data-widget_type=\"image.default\">\n\t\t\t\t<div class=\"elementor-widget-container\">\n\t\t\t\t\t\t\t\t\t\t\t\t\t<img fetchpriority=\"high\" decoding=\"async\" width=\"768\" height=\"473\" src=\"https:\/\/eurotekmakine.com.tr\/wp-content\/uploads\/2024\/08\/TOP-HAMMER-768x473.jpg\" class=\"attachment-medium_large size-medium_large wp-image-339\" alt=\"\" srcset=\"https:\/\/eurotekmakine.com.tr\/wp-content\/uploads\/2024\/08\/TOP-HAMMER-768x473.jpg 768w, https:\/\/eurotekmakine.com.tr\/wp-content\/uploads\/2024\/08\/TOP-HAMMER-300x185.jpg 300w, https:\/\/eurotekmakine.com.tr\/wp-content\/uploads\/2024\/08\/TOP-HAMMER.jpg 876w\" sizes=\"(max-width: 768px) 100vw, 768px\" \/>\t\t\t\t\t\t\t\t\t\t\t\t\t<\/div>\n\t\t\t\t<\/div>\n\t\t\t\t<\/div>\n\t\t\t\t\t<\/div>\n\t\t\t\t<\/div>\n\t\t<div class=\"elementor-element elementor-element-565a1ea e-flex e-con-boxed elementor-invisible e-con e-parent\" data-id=\"565a1ea\" data-element_type=\"container\" data-settings=\"{&quot;animation&quot;:&quot;fadeInUp&quot;,&quot;animation_delay&quot;:200}\">\n\t\t\t\t\t<div class=\"e-con-inner\">\n\t\t<div class=\"elementor-element elementor-element-dfc8b72 e-con-full e-flex e-con e-child\" data-id=\"dfc8b72\" data-element_type=\"container\">\n\t\t\t\t<div class=\"elementor-element elementor-element-afce1c4 elementor-widget elementor-widget-heading\" data-id=\"afce1c4\" data-element_type=\"widget\" data-widget_type=\"heading.default\">\n\t\t\t\t<div class=\"elementor-widget-container\">\n\t\t\t<h2 class=\"elementor-heading-title elementor-size-default\">DEL\u0130K D\u0130B\u0130 DEL\u0130C\u0130 EK\u0130PMANLAR<\/h2>\t\t<\/div>\n\t\t\t\t<\/div>\n\t\t\t\t<div class=\"elementor-element elementor-element-943d71c elementor-widget elementor-widget-text-editor\" data-id=\"943d71c\" data-element_type=\"widget\" data-widget_type=\"text-editor.default\">\n\t\t\t\t<div class=\"elementor-widget-container\">\n\t\t\t\t\t\t\t<p class=\"t1\">Delik dibi delme y\u00f6ntemi y\u00fczeyden a\u015fa\u011f\u0131ya do\u011fru b\u00fcy\u00fck \u00e7apl\u0131 delikler delmek i\u00e7in geli\u015ftirilmi\u015ftir. Delik dibi delme sisteminin ana bile\u015fenleri kuyu dibi delme \u00e7ekici (tabanca) ve bitidir. Tabanca delici bitin arkas\u0131ndad\u0131r ve delikten a\u015fa\u011f\u0131ya do\u011fru \u00e7al\u0131\u015f\u0131r.<\/p><p>Piston do\u011frudan bitin temas y\u00fczeyine \u00e7arpar ve tabanca darbe enerjisini delici bite kadar iletir. Kompres\u00f6rden gelen bas\u0131n\u00e7l\u0131 havan\u0131n miktar\u0131 piston h\u0131z\u0131nda etkili olur. Bu nedenle, kompres\u00f6r\u00fcn debi, bas\u0131n\u00e7 ve bar \u00f6zellikleri tabancan\u0131n verimlili\u011finde rol oynar.<\/p>\t\t\t\t\t\t<\/div>\n\t\t\t\t<\/div>\n\t\t\t\t<\/div>\n\t\t<div class=\"elementor-element elementor-element-d84fdbc e-con-full e-flex e-con e-child\" data-id=\"d84fdbc\" data-element_type=\"container\">\n\t\t\t\t<div class=\"elementor-element elementor-element-74867e7 elementor-widget elementor-widget-image\" data-id=\"74867e7\" data-element_type=\"widget\" data-widget_type=\"image.default\">\n\t\t\t\t<div class=\"elementor-widget-container\">\n\t\t\t\t\t\t\t\t\t\t\t\t\t<img decoding=\"async\" width=\"640\" height=\"424\" src=\"https:\/\/eurotekmakine.com.tr\/wp-content\/uploads\/2024\/08\/90.jpeg\" class=\"attachment-medium_large size-medium_large wp-image-340\" alt=\"\" srcset=\"https:\/\/eurotekmakine.com.tr\/wp-content\/uploads\/2024\/08\/90.jpeg 640w, https:\/\/eurotekmakine.com.tr\/wp-content\/uploads\/2024\/08\/90-300x199.jpeg 300w\" sizes=\"(max-width: 640px) 100vw, 640px\" \/>\t\t\t\t\t\t\t\t\t\t\t\t\t<\/div>\n\t\t\t\t<\/div>\n\t\t\t\t<\/div>\n\t\t\t\t\t<\/div>\n\t\t\t\t<\/div>\n\t\t<div class=\"elementor-element elementor-element-7f97577 e-flex e-con-boxed elementor-invisible e-con e-parent\" data-id=\"7f97577\" data-element_type=\"container\" data-settings=\"{&quot;animation&quot;:&quot;fadeInUp&quot;,&quot;animation_delay&quot;:300}\">\n\t\t\t\t\t<div class=\"e-con-inner\">\n\t\t<div class=\"elementor-element elementor-element-d8bb54c e-con-full e-flex e-con e-child\" data-id=\"d8bb54c\" data-element_type=\"container\">\n\t\t\t\t<div class=\"elementor-element elementor-element-c9f820d elementor-widget elementor-widget-heading\" data-id=\"c9f820d\" data-element_type=\"widget\" data-widget_type=\"heading.default\">\n\t\t\t\t<div class=\"elementor-widget-container\">\n\t\t\t<h2 class=\"elementor-heading-title elementor-size-default\">TRICONE KAYA B\u0130TLER\u0130<\/h2>\t\t<\/div>\n\t\t\t\t<\/div>\n\t\t\t\t<div class=\"elementor-element elementor-element-b75e534 elementor-widget elementor-widget-text-editor\" data-id=\"b75e534\" data-element_type=\"widget\" data-widget_type=\"text-editor.default\">\n\t\t\t\t<div class=\"elementor-widget-container\">\n\t\t\t\t\t\t\t<p>Tricone Rock Bitler ; delme-patlatma , su kuyular\u0131, yatayy y\u00f6nlendirilmi\u015f sondaj(HDD) ve ara\u015ft\u0131rma sondajlar\u0131 uygulamalar\u0131 i\u00e7in tasarlanm\u0131\u015f olup, giderek artan bask\u0131 kuvveti ve rotasyon h\u0131zlar\u0131 ile g\u00fcn\u00fcm\u00fcz sondaj makinalar\u0131na uygun pazara \u00f6nc\u00fcl\u00fck eden \u00fcr\u00fcnlerdir.<br \/>Di\u015f \u015fekilleri sayesinde yumu\u015fak ve sert a\u015f\u0131nd\u0131r\u0131c\u0131 kaya\u00e7 tiplerinde m\u00fckemmel ilerleme sa\u011flar.<\/p>\t\t\t\t\t\t<\/div>\n\t\t\t\t<\/div>\n\t\t\t\t<\/div>\n\t\t<div class=\"elementor-element elementor-element-5751225 e-con-full e-flex e-con e-child\" data-id=\"5751225\" data-element_type=\"container\">\n\t\t\t\t<div class=\"elementor-element elementor-element-4ca8e75 elementor-widget elementor-widget-image\" data-id=\"4ca8e75\" data-element_type=\"widget\" data-widget_type=\"image.default\">\n\t\t\t\t<div class=\"elementor-widget-container\">\n\t\t\t\t\t\t\t\t\t\t\t\t\t<img decoding=\"async\" width=\"209\" height=\"300\" src=\"https:\/\/eurotekmakine.com.tr\/wp-content\/uploads\/2024\/08\/resim_2024-08-19_144954130-209x300.png\" class=\"attachment-medium size-medium wp-image-341\" alt=\"\" srcset=\"https:\/\/eurotekmakine.com.tr\/wp-content\/uploads\/2024\/08\/resim_2024-08-19_144954130-209x300.png 209w, https:\/\/eurotekmakine.com.tr\/wp-content\/uploads\/2024\/08\/resim_2024-08-19_144954130.png 697w\" sizes=\"(max-width: 209px) 100vw, 209px\" \/>\t\t\t\t\t\t\t\t\t\t\t\t\t<\/div>\n\t\t\t\t<\/div>\n\t\t\t\t<\/div>\n\t\t\t\t\t<\/div>\n\t\t\t\t<\/div>\n\t\t<div class=\"elementor-element elementor-element-8dfeb6e e-flex e-con-boxed elementor-invisible e-con e-parent\" data-id=\"8dfeb6e\" data-element_type=\"container\" data-settings=\"{&quot;animation&quot;:&quot;fadeInUp&quot;,&quot;animation_delay&quot;:500}\">\n\t\t\t\t\t<div class=\"e-con-inner\">\n\t\t<div class=\"elementor-element elementor-element-24cc0d6 e-con-full e-flex e-con e-child\" data-id=\"24cc0d6\" data-element_type=\"container\">\n\t\t\t\t<div class=\"elementor-element elementor-element-008a375 elementor-widget elementor-widget-heading\" data-id=\"008a375\" data-element_type=\"widget\" data-widget_type=\"heading.default\">\n\t\t\t\t<div class=\"elementor-widget-container\">\n\t\t\t<h2 class=\"elementor-heading-title elementor-size-default\">SHANK ADAPT\u00d6RLER\u0130<\/h2>\t\t<\/div>\n\t\t\t\t<\/div>\n\t\t\t\t<div class=\"elementor-element elementor-element-0058164 elementor-widget elementor-widget-text-editor\" data-id=\"0058164\" data-element_type=\"widget\" data-widget_type=\"text-editor.default\">\n\t\t\t\t<div class=\"elementor-widget-container\">\n\t\t\t\t\t\t\t<p>Shank adapt\u00f6r\u00fcn\u00fcn fonksiyonu, darbeli delicilerde pistona ve d\u00f6n\u00fc\u015f torkuna \u00e7arpma enerjisini hi\u00e7bir kay\u0131p olmadan matkap ucuna iletmektir.<\/p>\t\t\t\t\t\t<\/div>\n\t\t\t\t<\/div>\n\t\t\t\t<\/div>\n\t\t<div class=\"elementor-element elementor-element-9dab593 e-con-full e-flex e-con e-child\" data-id=\"9dab593\" data-element_type=\"container\">\n\t\t\t\t<div class=\"elementor-element elementor-element-57de479 elementor-widget elementor-widget-image\" data-id=\"57de479\" data-element_type=\"widget\" data-widget_type=\"image.default\">\n\t\t\t\t<div class=\"elementor-widget-container\">\n\t\t\t\t\t\t\t\t\t\t\t\t\t<img loading=\"lazy\" decoding=\"async\" width=\"382\" height=\"322\" src=\"https:\/\/eurotekmakine.com.tr\/wp-content\/uploads\/2024\/08\/SHANK.jpg\" class=\"attachment-medium_large size-medium_large wp-image-342\" alt=\"\" srcset=\"https:\/\/eurotekmakine.com.tr\/wp-content\/uploads\/2024\/08\/SHANK.jpg 382w, https:\/\/eurotekmakine.com.tr\/wp-content\/uploads\/2024\/08\/SHANK-300x253.jpg 300w\" sizes=\"(max-width: 382px) 100vw, 382px\" \/>\t\t\t\t\t\t\t\t\t\t\t\t\t<\/div>\n\t\t\t\t<\/div>\n\t\t\t\t<\/div>\n\t\t\t\t\t<\/div>\n\t\t\t\t<\/div>\n\t\t<div class=\"elementor-element elementor-element-2e9d241 e-flex e-con-boxed elementor-invisible e-con e-parent\" data-id=\"2e9d241\" data-element_type=\"container\" data-settings=\"{&quot;animation&quot;:&quot;fadeInUp&quot;,&quot;animation_delay&quot;:600}\">\n\t\t\t\t\t<div class=\"e-con-inner\">\n\t\t<div class=\"elementor-element elementor-element-e72e3d7 e-con-full e-flex e-con e-child\" data-id=\"e72e3d7\" data-element_type=\"container\">\n\t\t\t\t<div class=\"elementor-element elementor-element-c38a1c1 elementor-widget elementor-widget-heading\" data-id=\"c38a1c1\" data-element_type=\"widget\" data-widget_type=\"heading.default\">\n\t\t\t\t<div class=\"elementor-widget-container\">\n\t\t\t<h2 class=\"elementor-heading-title elementor-size-default\">INTERGRAL MATKAPLAR<\/h2>\t\t<\/div>\n\t\t\t\t<\/div>\n\t\t\t\t<div class=\"elementor-element elementor-element-b8068b3 elementor-widget elementor-widget-text-editor\" data-id=\"b8068b3\" data-element_type=\"widget\" data-widget_type=\"text-editor.default\">\n\t\t\t\t<div class=\"elementor-widget-container\">\n\t\t\t\t\t\t\t<p>Integral matkaplar sert ve orta sertlikteki kayalar\u0131 delerken daha d\u00fc\u015f\u00fck darbe enerjisi ve y\u00fcksek delme h\u0131z\u0131 ve verimlili\u011fine sahip y\u00fcksek kalitedeki tungsten karb\u00fcr ve \u00e7elik malzemeden yap\u0131lm\u0131\u015ft\u0131r. Genelde k\u00fc\u00e7\u00fck delik delme veya yer alt\u0131 madencili\u011finde el matkap makineleri \u00fczerine monte edilir.\u00a0<\/p>\t\t\t\t\t\t<\/div>\n\t\t\t\t<\/div>\n\t\t\t\t<\/div>\n\t\t<div class=\"elementor-element elementor-element-d586535 e-con-full e-flex e-con e-child\" data-id=\"d586535\" data-element_type=\"container\">\n\t\t\t\t<div class=\"elementor-element elementor-element-cda0c14 elementor-widget elementor-widget-image\" data-id=\"cda0c14\" data-element_type=\"widget\" data-widget_type=\"image.default\">\n\t\t\t\t<div class=\"elementor-widget-container\">\n\t\t\t\t\t\t\t\t\t\t\t\t\t<img loading=\"lazy\" decoding=\"async\" width=\"600\" height=\"469\" src=\"https:\/\/eurotekmakine.com.tr\/wp-content\/uploads\/2024\/08\/tapered-drill-rod-22.jpg\" class=\"attachment-medium_large size-medium_large wp-image-343\" alt=\"\" srcset=\"https:\/\/eurotekmakine.com.tr\/wp-content\/uploads\/2024\/08\/tapered-drill-rod-22.jpg 600w, https:\/\/eurotekmakine.com.tr\/wp-content\/uploads\/2024\/08\/tapered-drill-rod-22-300x235.jpg 300w\" sizes=\"(max-width: 600px) 100vw, 600px\" \/>\t\t\t\t\t\t\t\t\t\t\t\t\t<\/div>\n\t\t\t\t<\/div>\n\t\t\t\t<\/div>\n\t\t\t\t\t<\/div>\n\t\t\t\t<\/div>\n\t\t<div class=\"elementor-element elementor-element-ff67a6a e-flex e-con-boxed elementor-invisible e-con e-parent\" data-id=\"ff67a6a\" data-element_type=\"container\" data-settings=\"{&quot;animation&quot;:&quot;fadeInUp&quot;,&quot;animation_delay&quot;:600}\">\n\t\t\t\t\t<div class=\"e-con-inner\">\n\t\t<div class=\"elementor-element elementor-element-976b8d3 e-con-full e-flex e-con e-child\" data-id=\"976b8d3\" data-element_type=\"container\">\n\t\t\t\t<div class=\"elementor-element elementor-element-4c0aee4 elementor-widget elementor-widget-heading\" data-id=\"4c0aee4\" data-element_type=\"widget\" data-widget_type=\"heading.default\">\n\t\t\t\t<div class=\"elementor-widget-container\">\n\t\t\t<h2 class=\"elementor-heading-title elementor-size-default\">KON\u0130K U\u00c7LU<br>DEL\u0130C\u0130LER<\/h2>\t\t<\/div>\n\t\t\t\t<\/div>\n\t\t\t\t<div class=\"elementor-element elementor-element-412b473 elementor-widget elementor-widget-text-editor\" data-id=\"412b473\" data-element_type=\"widget\" data-widget_type=\"text-editor.default\">\n\t\t\t\t<div class=\"elementor-widget-container\">\n\t\t\t\t\t\t\t<p>Konik u\u00e7lu delici ekipmanlar\u0131 konik delici bit ve delici matkaplardan olu\u015fur. Bu ekipmanlar genellikle kaya delme, patlatma delikleri ve ocaklardaki di\u011fer sondaj \u00e7al\u0131\u015fmalar\u0131nda, k\u00f6m\u00fcr madenlerinde, yol, baraj ve di\u011fer benzer projelerde kullan\u0131lmaktad\u0131r.\u00dc\u00e7 tip bit \u00e7e\u015fidi bulunmaktad\u0131r. Buton tip \u00e7akma u\u00e7, X tip \u00e7akma u\u00e7 ve keski tip \u00e7akma u\u00e7.<\/p>\t\t\t\t\t\t<\/div>\n\t\t\t\t<\/div>\n\t\t\t\t<\/div>\n\t\t<div class=\"elementor-element elementor-element-08dc000 e-con-full e-flex e-con e-child\" data-id=\"08dc000\" data-element_type=\"container\">\n\t\t\t\t<div class=\"elementor-element elementor-element-7828f46 elementor-widget elementor-widget-image\" data-id=\"7828f46\" data-element_type=\"widget\" data-widget_type=\"image.default\">\n\t\t\t\t<div class=\"elementor-widget-container\">\n\t\t\t\t\t\t\t\t\t\t\t\t\t<img loading=\"lazy\" decoding=\"async\" width=\"629\" height=\"411\" src=\"https:\/\/eurotekmakine.com.tr\/wp-content\/uploads\/2024\/08\/tapered-drill-rods-1.jpg\" class=\"attachment-medium_large size-medium_large wp-image-344\" alt=\"\" srcset=\"https:\/\/eurotekmakine.com.tr\/wp-content\/uploads\/2024\/08\/tapered-drill-rods-1.jpg 629w, https:\/\/eurotekmakine.com.tr\/wp-content\/uploads\/2024\/08\/tapered-drill-rods-1-300x196.jpg 300w\" sizes=\"(max-width: 629px) 100vw, 629px\" \/>\t\t\t\t\t\t\t\t\t\t\t\t\t<\/div>\n\t\t\t\t<\/div>\n\t\t\t\t<\/div>\n\t\t\t\t\t<\/div>\n\t\t\t\t<\/div>\n\t\t\t\t<\/div>\n\t\t","protected":false},"excerpt":{"rendered":"<p>\u00dcSTTEN DARBEL\u0130 DEL\u0130C\u0130 EK\u0130PMANLAR \u00dcstten darbeli sistemde , makinenin \u00fczerinde bulunan tabanca , \u00fcretti\u011fi enerjiyi borular (tijler) sayesinde delik dibindeki bitlere ileterek kayan\u0131n k\u0131r\u0131lmas\u0131n\u0131 sa\u011flar. Gereken enerji hidrolik tabancalar taraf\u0131ndan \u00fcretilir. \u00dcretilen bas\u0131n\u00e7 kuvveti sayesinde piston itilerek \u015fank adapt\u00f6r\u00fcne vurulmas\u0131 sa\u011flan\u0131r . \u00dcstten darbeli deliciler olu\u015fan formasyonlara g\u00f6re yumu\u015fak kaya\u00e7lardan sert kaya\u00e7lara kadar \u00e7e\u015fitlendirilmektedir. Delik [&hellip;]<\/p>\n","protected":false},"author":1,"featured_media":0,"parent":0,"menu_order":0,"comment_status":"closed","ping_status":"closed","template":"","meta":{"footnotes":""},"blocksy_meta":[],"_links":{"self":[{"href":"https:\/\/eurotekmakine.com.tr\/index.php?rest_route=\/wp\/v2\/pages\/334"}],"collection":[{"href":"https:\/\/eurotekmakine.com.tr\/index.php?rest_route=\/wp\/v2\/pages"}],"about":[{"href":"https:\/\/eurotekmakine.com.tr\/index.php?rest_route=\/wp\/v2\/types\/page"}],"author":[{"embeddable":true,"href":"https:\/\/eurotekmakine.com.tr\/index.php?rest_route=\/wp\/v2\/users\/1"}],"replies":[{"embeddable":true,"href":"https:\/\/eurotekmakine.com.tr\/index.php?rest_route=%2Fwp%2Fv2%2Fcomments&post=334"}],"version-history":[{"count":15,"href":"https:\/\/eurotekmakine.com.tr\/index.php?rest_route=\/wp\/v2\/pages\/334\/revisions"}],"predecessor-version":[{"id":424,"href":"https:\/\/eurotekmakine.com.tr\/index.php?rest_route=\/wp\/v2\/pages\/334\/revisions\/424"}],"wp:attachment":[{"href":"https:\/\/eurotekmakine.com.tr\/index.php?rest_route=%2Fwp%2Fv2%2Fmedia&parent=334"}],"curies":[{"name":"wp","href":"https:\/\/api.w.org\/{rel}","templated":true}]}}