{"id":239,"date":"2024-05-09T13:12:00","date_gmt":"2024-05-09T13:12:00","guid":{"rendered":"https:\/\/eurotekmakine.com.tr\/?page_id=239"},"modified":"2024-09-22T16:03:55","modified_gmt":"2024-09-22T16:03:55","slug":"rulolar","status":"publish","type":"page","link":"https:\/\/eurotekmakine.com.tr\/?page_id=239&lang=tr","title":{"rendered":"Rulolar"},"content":{"rendered":"\t\t<div data-elementor-type=\"wp-page\" data-elementor-id=\"239\" class=\"elementor elementor-239\">\n\t\t\t\t<div class=\"elementor-element elementor-element-e1680bd e-flex e-con-boxed elementor-invisible e-con e-parent\" data-id=\"e1680bd\" data-element_type=\"container\" data-settings=\"{&quot;animation&quot;:&quot;fadeInUp&quot;,&quot;animation_delay&quot;:100}\">\n\t\t\t\t\t<div class=\"e-con-inner\">\n\t\t<div class=\"elementor-element elementor-element-feb50f8 e-con-full e-flex e-con e-child\" data-id=\"feb50f8\" data-element_type=\"container\">\n\t\t\t\t<div class=\"elementor-element elementor-element-8261a35 elementor-widget elementor-widget-heading\" data-id=\"8261a35\" data-element_type=\"widget\" data-widget_type=\"heading.default\">\n\t\t\t\t<div class=\"elementor-widget-container\">\n\t\t\t<h2 class=\"elementor-heading-title elementor-size-default\">TA\u015eIYICI RULO<\/h2>\t\t<\/div>\n\t\t\t\t<\/div>\n\t\t\t\t<div class=\"elementor-element elementor-element-b9f3658 elementor-widget elementor-widget-text-editor\" data-id=\"b9f3658\" data-element_type=\"widget\" data-widget_type=\"text-editor.default\">\n\t\t\t\t<div class=\"elementor-widget-container\">\n\t\t\t\t\t\t\t<p><strong><em>D\u00fcz Rulo<\/em><\/strong>: Genellikle ta\u015f\u0131t y\u00fcklemelerinde ve toplu y\u00fck bo\u015faltma, <br \/>aktarmalarda kullan\u0131l\u0131r.<br \/><em><strong>\u0130kili Ta\u015f\u0131y\u0131c\u0131 Rulo<\/strong><\/em>: K\u00fc\u00e7\u00fck ta\u015f\u0131nabilir konvey\u00f6rlerde ve s\u0131kl\u0131kla bant 650mm \u00fcst\u00fc bantlarda kullan\u0131l\u0131r.<br \/><em><strong>\u00dc\u00e7l\u00fc Grup Rulolar<\/strong><\/em>: Bunlar \u00fcst ta\u015f\u0131y\u0131c\u0131 destek rulolar\u0131d\u0131r. Genelde merkezden birbirine uzakl\u0131\u011f\u0131 750 ve 1250mm y\u00fckleme noktas\u0131nda 250 ve 350mm olarak monte edilir<\/p>\t\t\t\t\t\t<\/div>\n\t\t\t\t<\/div>\n\t\t\t\t<\/div>\n\t\t<div class=\"elementor-element elementor-element-65fddef e-con-full e-flex e-con e-child\" data-id=\"65fddef\" data-element_type=\"container\">\n\t\t\t\t<div class=\"elementor-element elementor-element-4e326d2 elementor-widget elementor-widget-image\" data-id=\"4e326d2\" data-element_type=\"widget\" data-widget_type=\"image.default\">\n\t\t\t\t<div class=\"elementor-widget-container\">\n\t\t\t\t\t\t\t\t\t\t\t\t\t<img fetchpriority=\"high\" decoding=\"async\" width=\"768\" height=\"768\" src=\"https:\/\/eurotekmakine.com.tr\/wp-content\/uploads\/2024\/05\/heavy_duty_idler_rolls_1000x1000-768x768.png\" class=\"attachment-medium_large size-medium_large wp-image-246\" alt=\"\" srcset=\"https:\/\/eurotekmakine.com.tr\/wp-content\/uploads\/2024\/05\/heavy_duty_idler_rolls_1000x1000-768x768.png 768w, https:\/\/eurotekmakine.com.tr\/wp-content\/uploads\/2024\/05\/heavy_duty_idler_rolls_1000x1000-300x300.png 300w, https:\/\/eurotekmakine.com.tr\/wp-content\/uploads\/2024\/05\/heavy_duty_idler_rolls_1000x1000-150x150.png 150w, https:\/\/eurotekmakine.com.tr\/wp-content\/uploads\/2024\/05\/heavy_duty_idler_rolls_1000x1000.png 1000w\" sizes=\"(max-width: 768px) 100vw, 768px\" \/>\t\t\t\t\t\t\t\t\t\t\t\t\t<\/div>\n\t\t\t\t<\/div>\n\t\t\t\t<\/div>\n\t\t\t\t\t<\/div>\n\t\t\t\t<\/div>\n\t\t<div class=\"elementor-element elementor-element-565a1ea e-flex e-con-boxed elementor-invisible e-con e-parent\" data-id=\"565a1ea\" data-element_type=\"container\" data-settings=\"{&quot;animation&quot;:&quot;fadeInUp&quot;,&quot;animation_delay&quot;:200}\">\n\t\t\t\t\t<div class=\"e-con-inner\">\n\t\t<div class=\"elementor-element elementor-element-dfc8b72 e-con-full e-flex e-con e-child\" data-id=\"dfc8b72\" data-element_type=\"container\">\n\t\t\t\t<div class=\"elementor-element elementor-element-afce1c4 elementor-widget elementor-widget-heading\" data-id=\"afce1c4\" data-element_type=\"widget\" data-widget_type=\"heading.default\">\n\t\t\t\t<div class=\"elementor-widget-container\">\n\t\t\t<h2 class=\"elementor-heading-title elementor-size-default\">D\u00d6N\u00dc\u015e RULO<\/h2>\t\t<\/div>\n\t\t\t\t<\/div>\n\t\t\t\t<div class=\"elementor-element elementor-element-943d71c elementor-widget elementor-widget-text-editor\" data-id=\"943d71c\" data-element_type=\"widget\" data-widget_type=\"text-editor.default\">\n\t\t\t\t<div class=\"elementor-widget-container\">\n\t\t\t\t\t\t\t<p>Diskli d\u00f6n\u00fc\u015f rulolar\u0131 bant y\u00fczeyinde belirli durumlarda olu\u015fan malzeme birikiminin engellenmesinde olduk\u00e7a b\u00fcy\u00fck rol oynar<\/p>\t\t\t\t\t\t<\/div>\n\t\t\t\t<\/div>\n\t\t\t\t<\/div>\n\t\t<div class=\"elementor-element elementor-element-d84fdbc e-con-full e-flex e-con e-child\" data-id=\"d84fdbc\" data-element_type=\"container\">\n\t\t\t\t<div class=\"elementor-element elementor-element-74867e7 elementor-widget elementor-widget-image\" data-id=\"74867e7\" data-element_type=\"widget\" data-widget_type=\"image.default\">\n\t\t\t\t<div class=\"elementor-widget-container\">\n\t\t\t\t\t\t\t\t\t\t\t\t\t<img decoding=\"async\" width=\"727\" height=\"305\" src=\"https:\/\/eurotekmakine.com.tr\/wp-content\/uploads\/2024\/05\/Picture8.jpg\" class=\"attachment-medium_large size-medium_large wp-image-247\" alt=\"\" srcset=\"https:\/\/eurotekmakine.com.tr\/wp-content\/uploads\/2024\/05\/Picture8.jpg 727w, https:\/\/eurotekmakine.com.tr\/wp-content\/uploads\/2024\/05\/Picture8-300x126.jpg 300w\" sizes=\"(max-width: 727px) 100vw, 727px\" \/>\t\t\t\t\t\t\t\t\t\t\t\t\t<\/div>\n\t\t\t\t<\/div>\n\t\t\t\t<\/div>\n\t\t\t\t\t<\/div>\n\t\t\t\t<\/div>\n\t\t<div class=\"elementor-element elementor-element-7f97577 e-flex e-con-boxed elementor-invisible e-con e-parent\" data-id=\"7f97577\" data-element_type=\"container\" data-settings=\"{&quot;animation&quot;:&quot;fadeInUp&quot;,&quot;animation_delay&quot;:300}\">\n\t\t\t\t\t<div class=\"e-con-inner\">\n\t\t<div class=\"elementor-element elementor-element-d8bb54c e-con-full e-flex e-con e-child\" data-id=\"d8bb54c\" data-element_type=\"container\">\n\t\t\t\t<div class=\"elementor-element elementor-element-c9f820d elementor-widget elementor-widget-heading\" data-id=\"c9f820d\" data-element_type=\"widget\" data-widget_type=\"heading.default\">\n\t\t\t\t<div class=\"elementor-widget-container\">\n\t\t\t<h2 class=\"elementor-heading-title elementor-size-default\">DARBE RULO<\/h2>\t\t<\/div>\n\t\t\t\t<\/div>\n\t\t\t\t<div class=\"elementor-element elementor-element-b75e534 elementor-widget elementor-widget-text-editor\" data-id=\"b75e534\" data-element_type=\"widget\" data-widget_type=\"text-editor.default\">\n\t\t\t\t<div class=\"elementor-widget-container\">\n\t\t\t\t\t\t\t<p>U\u00e7 taraflardan disklerin kaymas\u0131n\u0131 engellemek i\u00e7in destek halkalar\u0131yla sabitlenmi\u015f \u00e7e\u015fitli \u00f6l\u00e7\u00fclerdeki \u015fok emici lastik kapl\u0131 darbe disklerinin ba\u011fl\u0131 oldu\u011fu ama g\u00f6vdesi \u00e7ekil olan bir bant rulosundan olu\u015fur<\/p>\t\t\t\t\t\t<\/div>\n\t\t\t\t<\/div>\n\t\t\t\t<\/div>\n\t\t<div class=\"elementor-element elementor-element-5751225 e-con-full e-flex e-con e-child\" data-id=\"5751225\" data-element_type=\"container\">\n\t\t\t\t<div class=\"elementor-element elementor-element-4ca8e75 elementor-widget elementor-widget-image\" data-id=\"4ca8e75\" data-element_type=\"widget\" data-widget_type=\"image.default\">\n\t\t\t\t<div class=\"elementor-widget-container\">\n\t\t\t\t\t\t\t\t\t\t\t\t\t<img decoding=\"async\" width=\"500\" height=\"500\" src=\"https:\/\/eurotekmakine.com.tr\/wp-content\/uploads\/2024\/05\/resim_2024-05-09_165511295.png\" class=\"attachment-medium_large size-medium_large wp-image-259\" alt=\"\" srcset=\"https:\/\/eurotekmakine.com.tr\/wp-content\/uploads\/2024\/05\/resim_2024-05-09_165511295.png 500w, https:\/\/eurotekmakine.com.tr\/wp-content\/uploads\/2024\/05\/resim_2024-05-09_165511295-300x300.png 300w, https:\/\/eurotekmakine.com.tr\/wp-content\/uploads\/2024\/05\/resim_2024-05-09_165511295-150x150.png 150w\" sizes=\"(max-width: 500px) 100vw, 500px\" \/>\t\t\t\t\t\t\t\t\t\t\t\t\t<\/div>\n\t\t\t\t<\/div>\n\t\t\t\t<\/div>\n\t\t\t\t\t<\/div>\n\t\t\t\t<\/div>\n\t\t<div class=\"elementor-element elementor-element-4b613da e-flex e-con-boxed elementor-invisible e-con e-parent\" data-id=\"4b613da\" data-element_type=\"container\" data-settings=\"{&quot;animation&quot;:&quot;fadeInUp&quot;,&quot;animation_delay&quot;:400}\">\n\t\t\t\t\t<div class=\"e-con-inner\">\n\t\t<div class=\"elementor-element elementor-element-b5d1893 e-con-full e-flex e-con e-child\" data-id=\"b5d1893\" data-element_type=\"container\">\n\t\t\t\t<div class=\"elementor-element elementor-element-435e117 elementor-widget elementor-widget-heading\" data-id=\"435e117\" data-element_type=\"widget\" data-widget_type=\"heading.default\">\n\t\t\t\t<div class=\"elementor-widget-container\">\n\t\t\t<h2 class=\"elementor-heading-title elementor-size-default\">POLYAM\u0130D RULO<\/h2>\t\t<\/div>\n\t\t\t\t<\/div>\n\t\t\t\t<div class=\"elementor-element elementor-element-f0809a0 elementor-widget elementor-widget-text-editor\" data-id=\"f0809a0\" data-element_type=\"widget\" data-widget_type=\"text-editor.default\">\n\t\t\t\t<div class=\"elementor-widget-container\">\n\t\t\t\t\t\t\t<p>A\u015f\u0131nma, sertlik, aside dayan\u0131kl\u0131l\u0131k korozyona kar\u015f\u0131 koyma ve m\u0131knat\u0131slanma istenmeyen \u00f6zel projelerde veya buna benzer \u00f6zelliklerdeki konvey\u00f6rlerde kullan\u0131l\u0131r<\/p>\t\t\t\t\t\t<\/div>\n\t\t\t\t<\/div>\n\t\t\t\t<\/div>\n\t\t<div class=\"elementor-element elementor-element-153e4b4 e-con-full e-flex e-con e-child\" data-id=\"153e4b4\" data-element_type=\"container\">\n\t\t\t\t<div class=\"elementor-element elementor-element-9ed2ecf elementor-widget elementor-widget-image\" data-id=\"9ed2ecf\" data-element_type=\"widget\" data-widget_type=\"image.default\">\n\t\t\t\t<div class=\"elementor-widget-container\">\n\t\t\t\t\t\t\t\t\t\t\t\t\t<img loading=\"lazy\" decoding=\"async\" width=\"500\" height=\"500\" src=\"https:\/\/eurotekmakine.com.tr\/wp-content\/uploads\/2024\/05\/resim_2024-05-09_170834511.png\" class=\"attachment-medium_large size-medium_large wp-image-263\" alt=\"\" srcset=\"https:\/\/eurotekmakine.com.tr\/wp-content\/uploads\/2024\/05\/resim_2024-05-09_170834511.png 500w, https:\/\/eurotekmakine.com.tr\/wp-content\/uploads\/2024\/05\/resim_2024-05-09_170834511-300x300.png 300w, https:\/\/eurotekmakine.com.tr\/wp-content\/uploads\/2024\/05\/resim_2024-05-09_170834511-150x150.png 150w\" sizes=\"(max-width: 500px) 100vw, 500px\" \/>\t\t\t\t\t\t\t\t\t\t\t\t\t<\/div>\n\t\t\t\t<\/div>\n\t\t\t\t<\/div>\n\t\t\t\t\t<\/div>\n\t\t\t\t<\/div>\n\t\t<div class=\"elementor-element elementor-element-8dfeb6e e-flex e-con-boxed elementor-invisible e-con e-parent\" data-id=\"8dfeb6e\" data-element_type=\"container\" data-settings=\"{&quot;animation&quot;:&quot;fadeInUp&quot;,&quot;animation_delay&quot;:500}\">\n\t\t\t\t\t<div class=\"e-con-inner\">\n\t\t<div class=\"elementor-element elementor-element-24cc0d6 e-con-full e-flex e-con e-child\" data-id=\"24cc0d6\" data-element_type=\"container\">\n\t\t\t\t<div class=\"elementor-element elementor-element-008a375 elementor-widget elementor-widget-heading\" data-id=\"008a375\" data-element_type=\"widget\" data-widget_type=\"heading.default\">\n\t\t\t\t<div class=\"elementor-widget-container\">\n\t\t\t<h2 class=\"elementor-heading-title elementor-size-default\">TELL\u0130 \/TEM\u0130ZLEME RULO<\/h2>\t\t<\/div>\n\t\t\t\t<\/div>\n\t\t\t\t<div class=\"elementor-element elementor-element-0058164 elementor-widget elementor-widget-text-editor\" data-id=\"0058164\" data-element_type=\"widget\" data-widget_type=\"text-editor.default\">\n\t\t\t\t<div class=\"elementor-widget-container\">\n\t\t\t\t\t\t\t<p>Telli temizleme rulolar\u0131 bant y\u00fczeyinde belirli durumlarda olu\u015fan <br \/>birikiminin engellenmesinde olduk\u00e7a b\u00fcy\u00fck rol oynar<\/p>\t\t\t\t\t\t<\/div>\n\t\t\t\t<\/div>\n\t\t\t\t<\/div>\n\t\t<div class=\"elementor-element elementor-element-9dab593 e-con-full e-flex e-con e-child\" data-id=\"9dab593\" data-element_type=\"container\">\n\t\t\t\t<div class=\"elementor-element elementor-element-57de479 elementor-widget elementor-widget-image\" data-id=\"57de479\" data-element_type=\"widget\" data-widget_type=\"image.default\">\n\t\t\t\t<div class=\"elementor-widget-container\">\n\t\t\t\t\t\t\t\t\t\t\t\t\t<img loading=\"lazy\" decoding=\"async\" width=\"550\" height=\"186\" src=\"https:\/\/eurotekmakine.com.tr\/wp-content\/uploads\/2024\/05\/20200301115156_47686.jpg\" class=\"attachment-medium_large size-medium_large wp-image-262\" alt=\"\" srcset=\"https:\/\/eurotekmakine.com.tr\/wp-content\/uploads\/2024\/05\/20200301115156_47686.jpg 550w, https:\/\/eurotekmakine.com.tr\/wp-content\/uploads\/2024\/05\/20200301115156_47686-300x101.jpg 300w\" sizes=\"(max-width: 550px) 100vw, 550px\" \/>\t\t\t\t\t\t\t\t\t\t\t\t\t<\/div>\n\t\t\t\t<\/div>\n\t\t\t\t<\/div>\n\t\t\t\t\t<\/div>\n\t\t\t\t<\/div>\n\t\t<div class=\"elementor-element elementor-element-2e9d241 e-flex e-con-boxed elementor-invisible e-con e-parent\" data-id=\"2e9d241\" data-element_type=\"container\" data-settings=\"{&quot;animation&quot;:&quot;fadeInUp&quot;,&quot;animation_delay&quot;:600}\">\n\t\t\t\t\t<div class=\"e-con-inner\">\n\t\t<div class=\"elementor-element elementor-element-e72e3d7 e-con-full e-flex e-con e-child\" data-id=\"e72e3d7\" data-element_type=\"container\">\n\t\t\t\t<div class=\"elementor-element elementor-element-c38a1c1 elementor-widget elementor-widget-heading\" data-id=\"c38a1c1\" data-element_type=\"widget\" data-widget_type=\"heading.default\">\n\t\t\t\t<div class=\"elementor-widget-container\">\n\t\t\t<h2 class=\"elementor-heading-title elementor-size-default\">Z\u0130NC\u0130R D\u0130\u015eL\u0130 RULO<\/h2>\t\t<\/div>\n\t\t\t\t<\/div>\n\t\t\t\t<div class=\"elementor-element elementor-element-b8068b3 elementor-widget elementor-widget-text-editor\" data-id=\"b8068b3\" data-element_type=\"widget\" data-widget_type=\"text-editor.default\">\n\t\t\t\t<div class=\"elementor-widget-container\">\n\t\t\t\t\t\t\t<p>Konvey\u00f6r sisteminde bant makaralar\u0131n\u0131n kenarlar\u0131na tek veya <br \/>\u00e7ift tarafl\u0131 olarak tak\u0131lan, di\u015flileri zincirlerle birbirine ba\u011flayan ve <br \/>hareketlendiren makaralar\u0131 siz m\u00fc\u015fterilerimizin projelerine uygun <br \/>olarak imal etmekteyiz<\/p>\t\t\t\t\t\t<\/div>\n\t\t\t\t<\/div>\n\t\t\t\t<\/div>\n\t\t<div class=\"elementor-element elementor-element-d586535 e-con-full e-flex e-con e-child\" data-id=\"d586535\" data-element_type=\"container\">\n\t\t\t\t<div class=\"elementor-element elementor-element-cda0c14 elementor-widget elementor-widget-image\" data-id=\"cda0c14\" data-element_type=\"widget\" data-widget_type=\"image.default\">\n\t\t\t\t<div class=\"elementor-widget-container\">\n\t\t\t\t\t\t\t\t\t\t\t\t\t<img loading=\"lazy\" decoding=\"async\" width=\"768\" height=\"768\" src=\"https:\/\/eurotekmakine.com.tr\/wp-content\/uploads\/2024\/05\/139-thumb01-768x768.jpg\" class=\"attachment-medium_large size-medium_large wp-image-245\" alt=\"\" srcset=\"https:\/\/eurotekmakine.com.tr\/wp-content\/uploads\/2024\/05\/139-thumb01-768x768.jpg 768w, https:\/\/eurotekmakine.com.tr\/wp-content\/uploads\/2024\/05\/139-thumb01-300x300.jpg 300w, https:\/\/eurotekmakine.com.tr\/wp-content\/uploads\/2024\/05\/139-thumb01-150x150.jpg 150w, https:\/\/eurotekmakine.com.tr\/wp-content\/uploads\/2024\/05\/139-thumb01.jpg 800w\" sizes=\"(max-width: 768px) 100vw, 768px\" \/>\t\t\t\t\t\t\t\t\t\t\t\t\t<\/div>\n\t\t\t\t<\/div>\n\t\t\t\t<\/div>\n\t\t\t\t\t<\/div>\n\t\t\t\t<\/div>\n\t\t<div class=\"elementor-element elementor-element-977cb1a e-flex e-con-boxed elementor-invisible e-con e-parent\" data-id=\"977cb1a\" data-element_type=\"container\" data-settings=\"{&quot;animation&quot;:&quot;fadeInUp&quot;,&quot;animation_delay&quot;:600}\">\n\t\t\t\t\t<div class=\"e-con-inner\">\n\t\t<div class=\"elementor-element elementor-element-df0133f e-con-full e-flex e-con e-child\" data-id=\"df0133f\" data-element_type=\"container\">\n\t\t\t\t<div class=\"elementor-element elementor-element-8b0b538 elementor-widget elementor-widget-heading\" data-id=\"8b0b538\" data-element_type=\"widget\" data-widget_type=\"heading.default\">\n\t\t\t\t<div class=\"elementor-widget-container\">\n\t\t\t<h2 class=\"elementor-heading-title elementor-size-default\">BEK\u00c7\u0130 RULO<\/h2>\t\t<\/div>\n\t\t\t\t<\/div>\n\t\t\t\t<div class=\"elementor-element elementor-element-c0b0d12 elementor-widget elementor-widget-text-editor\" data-id=\"c0b0d12\" data-element_type=\"widget\" data-widget_type=\"text-editor.default\">\n\t\t\t\t<div class=\"elementor-widget-container\">\n\t\t\t\t\t\t\t<p>KIlavuz rulolar\u0131 istikameti belirleyen rulolard\u0131r<\/p>\t\t\t\t\t\t<\/div>\n\t\t\t\t<\/div>\n\t\t\t\t<\/div>\n\t\t<div class=\"elementor-element elementor-element-e3b3c35 e-con-full e-flex e-con e-child\" data-id=\"e3b3c35\" data-element_type=\"container\">\n\t\t\t\t<div class=\"elementor-element elementor-element-476e34c elementor-widget elementor-widget-image\" data-id=\"476e34c\" data-element_type=\"widget\" data-widget_type=\"image.default\">\n\t\t\t\t<div class=\"elementor-widget-container\">\n\t\t\t\t\t\t\t\t\t\t\t\t\t<img loading=\"lazy\" decoding=\"async\" width=\"768\" height=\"576\" src=\"https:\/\/eurotekmakine.com.tr\/wp-content\/uploads\/2024\/05\/GUIA-VERTICAL4-768x576.png\" class=\"attachment-medium_large size-medium_large wp-image-254\" alt=\"\" srcset=\"https:\/\/eurotekmakine.com.tr\/wp-content\/uploads\/2024\/05\/GUIA-VERTICAL4-768x576.png 768w, https:\/\/eurotekmakine.com.tr\/wp-content\/uploads\/2024\/05\/GUIA-VERTICAL4-300x225.png 300w, https:\/\/eurotekmakine.com.tr\/wp-content\/uploads\/2024\/05\/GUIA-VERTICAL4-1024x768.png 1024w, https:\/\/eurotekmakine.com.tr\/wp-content\/uploads\/2024\/05\/GUIA-VERTICAL4.png 1440w\" sizes=\"(max-width: 768px) 100vw, 768px\" \/>\t\t\t\t\t\t\t\t\t\t\t\t\t<\/div>\n\t\t\t\t<\/div>\n\t\t\t\t<\/div>\n\t\t\t\t\t<\/div>\n\t\t\t\t<\/div>\n\t\t<div class=\"elementor-element elementor-element-4b7d54c e-flex e-con-boxed elementor-invisible e-con e-parent\" data-id=\"4b7d54c\" data-element_type=\"container\" data-settings=\"{&quot;animation&quot;:&quot;fadeInUp&quot;,&quot;animation_delay&quot;:600}\">\n\t\t\t\t\t<div class=\"e-con-inner\">\n\t\t<div class=\"elementor-element elementor-element-0cbd985 e-con-full e-flex e-con e-child\" data-id=\"0cbd985\" data-element_type=\"container\">\n\t\t\t\t<div class=\"elementor-element elementor-element-aa35abd elementor-widget elementor-widget-heading\" data-id=\"aa35abd\" data-element_type=\"widget\" data-widget_type=\"heading.default\">\n\t\t\t\t<div class=\"elementor-widget-container\">\n\t\t\t<h2 class=\"elementor-heading-title elementor-size-default\">HEL\u0130S RULO<\/h2>\t\t<\/div>\n\t\t\t\t<\/div>\n\t\t\t\t<div class=\"elementor-element elementor-element-3222ff2 elementor-widget elementor-widget-text-editor\" data-id=\"3222ff2\" data-element_type=\"widget\" data-widget_type=\"text-editor.default\">\n\t\t\t\t<div class=\"elementor-widget-container\">\n\t\t\t\t\t\t\t<p>Rulonun ortas\u0131ndan kenarlar\u0131na do\u011fru d\u00f6n\u00fc\u015f yaparak band\u0131n y\u00fczeyindeki yap\u0131\u015fm\u0131\u015f malzemeleri kau\u00e7uk diskle temizler.<\/p>\t\t\t\t\t\t<\/div>\n\t\t\t\t<\/div>\n\t\t\t\t<\/div>\n\t\t<div class=\"elementor-element elementor-element-17e2e11 e-con-full e-flex e-con e-child\" data-id=\"17e2e11\" data-element_type=\"container\">\n\t\t\t\t<div class=\"elementor-element elementor-element-27ec820 elementor-widget elementor-widget-image\" data-id=\"27ec820\" data-element_type=\"widget\" data-widget_type=\"image.default\">\n\t\t\t\t<div class=\"elementor-widget-container\">\n\t\t\t\t\t\t\t\t\t\t\t\t\t<img loading=\"lazy\" decoding=\"async\" width=\"600\" height=\"450\" src=\"https:\/\/eurotekmakine.com.tr\/wp-content\/uploads\/2024\/05\/Steel-Spiral-Return-Roller.39.3-1.jpg\" class=\"attachment-medium_large size-medium_large wp-image-248\" alt=\"\" srcset=\"https:\/\/eurotekmakine.com.tr\/wp-content\/uploads\/2024\/05\/Steel-Spiral-Return-Roller.39.3-1.jpg 600w, https:\/\/eurotekmakine.com.tr\/wp-content\/uploads\/2024\/05\/Steel-Spiral-Return-Roller.39.3-1-300x225.jpg 300w\" sizes=\"(max-width: 600px) 100vw, 600px\" \/>\t\t\t\t\t\t\t\t\t\t\t\t\t<\/div>\n\t\t\t\t<\/div>\n\t\t\t\t<\/div>\n\t\t\t\t\t<\/div>\n\t\t\t\t<\/div>\n\t\t<div class=\"elementor-element elementor-element-d89222a e-flex e-con-boxed elementor-invisible e-con e-parent\" data-id=\"d89222a\" data-element_type=\"container\" data-settings=\"{&quot;animation&quot;:&quot;fadeInUp&quot;,&quot;animation_delay&quot;:600}\">\n\t\t\t\t\t<div class=\"e-con-inner\">\n\t\t<div class=\"elementor-element elementor-element-7bde381 e-con-full e-flex e-con e-child\" data-id=\"7bde381\" data-element_type=\"container\">\n\t\t\t\t<div class=\"elementor-element elementor-element-6e96099 elementor-widget elementor-widget-heading\" data-id=\"6e96099\" data-element_type=\"widget\" data-widget_type=\"heading.default\">\n\t\t\t\t<div class=\"elementor-widget-container\">\n\t\t\t<h2 class=\"elementor-heading-title elementor-size-default\">KILAVUZ RULO<\/h2>\t\t<\/div>\n\t\t\t\t<\/div>\n\t\t\t\t<div class=\"elementor-element elementor-element-f10bcfc elementor-widget elementor-widget-text-editor\" data-id=\"f10bcfc\" data-element_type=\"widget\" data-widget_type=\"text-editor.default\">\n\t\t\t\t<div class=\"elementor-widget-container\">\n\t\t\t\t\t\t\t<p>Konvey\u00f6r ta\u015f\u0131y\u0131c\u0131 rulo istasyonu ve konvey\u00f6r d\u00f6n\u00fc\u015f rulo istasyonu olarak iki \u015fekilde kullan\u0131lmaktad\u0131r.<\/p>\t\t\t\t\t\t<\/div>\n\t\t\t\t<\/div>\n\t\t\t\t<\/div>\n\t\t<div class=\"elementor-element elementor-element-b7332e5 e-con-full e-flex e-con e-child\" data-id=\"b7332e5\" data-element_type=\"container\">\n\t\t\t\t<div class=\"elementor-element elementor-element-7e519e7 elementor-widget elementor-widget-image\" data-id=\"7e519e7\" data-element_type=\"widget\" data-widget_type=\"image.default\">\n\t\t\t\t<div class=\"elementor-widget-container\">\n\t\t\t\t\t\t\t\t\t\t\t\t\t<img loading=\"lazy\" decoding=\"async\" width=\"768\" height=\"512\" src=\"https:\/\/eurotekmakine.com.tr\/wp-content\/uploads\/2024\/05\/Plain-Idler-Roller-Set_Product_Website_930x620-768x512.png\" class=\"attachment-medium_large size-medium_large wp-image-260\" alt=\"\" srcset=\"https:\/\/eurotekmakine.com.tr\/wp-content\/uploads\/2024\/05\/Plain-Idler-Roller-Set_Product_Website_930x620-768x512.png 768w, https:\/\/eurotekmakine.com.tr\/wp-content\/uploads\/2024\/05\/Plain-Idler-Roller-Set_Product_Website_930x620-300x200.png 300w, https:\/\/eurotekmakine.com.tr\/wp-content\/uploads\/2024\/05\/Plain-Idler-Roller-Set_Product_Website_930x620.png 930w\" sizes=\"(max-width: 768px) 100vw, 768px\" \/>\t\t\t\t\t\t\t\t\t\t\t\t\t<\/div>\n\t\t\t\t<\/div>\n\t\t\t\t<\/div>\n\t\t\t\t\t<\/div>\n\t\t\t\t<\/div>\n\t\t<div class=\"elementor-element elementor-element-5a8f4e3 e-flex e-con-boxed elementor-invisible e-con e-parent\" data-id=\"5a8f4e3\" data-element_type=\"container\" data-settings=\"{&quot;animation&quot;:&quot;fadeInUp&quot;,&quot;animation_delay&quot;:600}\">\n\t\t\t\t\t<div class=\"e-con-inner\">\n\t\t<div class=\"elementor-element elementor-element-dab9442 e-con-full e-flex e-con e-child\" data-id=\"dab9442\" data-element_type=\"container\">\n\t\t\t\t<div class=\"elementor-element elementor-element-a8e2fe5 elementor-widget elementor-widget-heading\" data-id=\"a8e2fe5\" data-element_type=\"widget\" data-widget_type=\"heading.default\">\n\t\t\t\t<div class=\"elementor-widget-container\">\n\t\t\t<h2 class=\"elementor-heading-title elementor-size-default\">HASSAS \/ TARTIM RULO<\/h2>\t\t<\/div>\n\t\t\t\t<\/div>\n\t\t\t\t<div class=\"elementor-element elementor-element-f65d7c1 elementor-widget elementor-widget-text-editor\" data-id=\"f65d7c1\" data-element_type=\"widget\" data-widget_type=\"text-editor.default\">\n\t\t\t\t<div class=\"elementor-widget-container\">\n\t\t\t\t\t\t\t<p>Tart\u0131m bantlar\u0131nda kullan\u0131lan hassas rulolard\u0131r<\/p>\t\t\t\t\t\t<\/div>\n\t\t\t\t<\/div>\n\t\t\t\t<\/div>\n\t\t<div class=\"elementor-element elementor-element-7e3be41 e-con-full e-flex e-con e-child\" data-id=\"7e3be41\" data-element_type=\"container\">\n\t\t\t\t<div class=\"elementor-element elementor-element-9b5e662 elementor-widget elementor-widget-image\" data-id=\"9b5e662\" data-element_type=\"widget\" data-widget_type=\"image.default\">\n\t\t\t\t<div class=\"elementor-widget-container\">\n\t\t\t\t\t\t\t\t\t\t\t\t\t<img loading=\"lazy\" decoding=\"async\" width=\"768\" height=\"659\" src=\"https:\/\/eurotekmakine.com.tr\/wp-content\/uploads\/2024\/05\/indir-768x659.png\" class=\"attachment-medium_large size-medium_large wp-image-261\" alt=\"\" srcset=\"https:\/\/eurotekmakine.com.tr\/wp-content\/uploads\/2024\/05\/indir-768x659.png 768w, https:\/\/eurotekmakine.com.tr\/wp-content\/uploads\/2024\/05\/indir-300x258.png 300w, https:\/\/eurotekmakine.com.tr\/wp-content\/uploads\/2024\/05\/indir.png 890w\" sizes=\"(max-width: 768px) 100vw, 768px\" \/>\t\t\t\t\t\t\t\t\t\t\t\t\t<\/div>\n\t\t\t\t<\/div>\n\t\t\t\t<\/div>\n\t\t\t\t\t<\/div>\n\t\t\t\t<\/div>\n\t\t\t\t<\/div>\n\t\t","protected":false},"excerpt":{"rendered":"<p>TA\u015eIYICI RULO D\u00fcz Rulo: Genellikle ta\u015f\u0131t y\u00fcklemelerinde ve toplu y\u00fck bo\u015faltma, aktarmalarda kullan\u0131l\u0131r.\u0130kili Ta\u015f\u0131y\u0131c\u0131 Rulo: K\u00fc\u00e7\u00fck ta\u015f\u0131nabilir konvey\u00f6rlerde ve s\u0131kl\u0131kla bant 650mm \u00fcst\u00fc bantlarda kullan\u0131l\u0131r.\u00dc\u00e7l\u00fc Grup Rulolar: Bunlar \u00fcst ta\u015f\u0131y\u0131c\u0131 destek rulolar\u0131d\u0131r. Genelde merkezden birbirine uzakl\u0131\u011f\u0131 750 ve 1250mm y\u00fckleme noktas\u0131nda 250 ve 350mm olarak monte edilir D\u00d6N\u00dc\u015e RULO Diskli d\u00f6n\u00fc\u015f rulolar\u0131 bant y\u00fczeyinde belirli [&hellip;]<\/p>\n","protected":false},"author":1,"featured_media":0,"parent":0,"menu_order":0,"comment_status":"closed","ping_status":"closed","template":"","meta":{"footnotes":""},"blocksy_meta":[],"_links":{"self":[{"href":"https:\/\/eurotekmakine.com.tr\/index.php?rest_route=\/wp\/v2\/pages\/239"}],"collection":[{"href":"https:\/\/eurotekmakine.com.tr\/index.php?rest_route=\/wp\/v2\/pages"}],"about":[{"href":"https:\/\/eurotekmakine.com.tr\/index.php?rest_route=\/wp\/v2\/types\/page"}],"author":[{"embeddable":true,"href":"https:\/\/eurotekmakine.com.tr\/index.php?rest_route=\/wp\/v2\/users\/1"}],"replies":[{"embeddable":true,"href":"https:\/\/eurotekmakine.com.tr\/index.php?rest_route=%2Fwp%2Fv2%2Fcomments&post=239"}],"version-history":[{"count":13,"href":"https:\/\/eurotekmakine.com.tr\/index.php?rest_route=\/wp\/v2\/pages\/239\/revisions"}],"predecessor-version":[{"id":266,"href":"https:\/\/eurotekmakine.com.tr\/index.php?rest_route=\/wp\/v2\/pages\/239\/revisions\/266"}],"wp:attachment":[{"href":"https:\/\/eurotekmakine.com.tr\/index.php?rest_route=%2Fwp%2Fv2%2Fmedia&parent=239"}],"curies":[{"name":"wp","href":"https:\/\/api.w.org\/{rel}","templated":true}]}}